4) in base 9?
0
What is 3 (base 15) in base 12?
3
What is -2 (base 12) in base 3?
-2
Convert -7 (base 11) to base 8.
-7
-1010 (base 2) to base 16
-a
-3 (base 4) to base 11
-3
Convert -b (base 15) to base 2.
-1011
Convert -2 (base 9) to base 15.
-2
Convert -11 (base 15) to base 13.
-13
5 (base 10) to base 9
5
Convert -153 (base 8) to base 5.
-412
Convert -22 (base 4) to base 5.
-20
Convert 2c (base 13) to base 9.
42
What is 1d (base 14) in base 8?
33
-19 (base 14) to base 8
-27
Convert 17 (base 9) to base 11.
15
What is b (base 14) in base 11?
10
Convert -62 (base 12) to base 3.
-2202
Convert 1 (base 14) to base 13.
1
Convert -10 (base 6) to base 14.
-6
What is -102200 (base 3) in base 10?
-315
Convert -1210 (base 6) to base 11.
-248
Convert -c (base 13) to base 7.
-15
Convert -11 (base 14) to base 9.
-16
What is -6 (base 12) in base 16?
-6
What is -10100110 (base 2) in base 12?
-11a
Convert 2 (base 4) to base 3.
2
Convert -6 (base 16) to base 3.
-20
Convert 23 (base 4) to base 2.
1011
10 (base 3) to base 16
3
Convert -2 (base 16) to base 12.
-2
What is -225 (base 8) in base 10?
-149
Convert 80 (base 9) to base 5.
242
Convert -167 (base 9) to base 11.
-11a
What is 22 (base 16) in base 7?
46
-422 (base 5) to base 14
-80
1 (base 14) to base 16
1
What is 1c (base 14) in base 2?
11010
Convert -3 (base 8) to base 15.
-3
Convert -15 (base 6) to base 9.
-12
Convert 513 (base 6) to base 12.
139
Convert 109 (base 10) to base 16.
6d
-10 (base 11) to base 15
-b
What is 0 (base 8) in base 3?
0
What is -1 (base 3) in base 14?
-1
What is -5 (base 14) in base 10?
-5
What is -41 (base 9) in base 6?
-101
Convert -4 (base 12) to base 5.
-4
Convert -2 (base 7) to base 9.
-2
What is -4 (base 9) in base 12?
-4
43 (base 14) to base 12
4b
-20 (base 13) to base 2
-11010
-322 (base 4) to base 13
-46
Convert 148 (base 9) to base 7.
236
Convert 252 (base 8) to base 13.
101
Convert -112 (base 7) to base 16.
-3a
What is 1 (base 11) in base 13?
1
What is 1 (base 12) in base 5?
1
-2 (base 10) to base 6
-2
What is 300 (base 4) in base 9?
53
8 (base 16) to base 10
8
Convert 4 (base 12) to base 2.
100
-7a (base 14) to base 15
-73
32 (base 6) to base 2
10100
-1 (base 11) to base 13
-1
-1220 (base 3) to base 7
-102
What is -111 (base 2) in base 13?
-7
-135 (base 8) to base 3
-10110
What is 0 (base 11) in base 9?
0
-2 (base 4) to base 12
-2
-44 (base 5) to base 6
-40
Convert 2 (base 7) to base 10.
2
What is -40 (base 7) in base 12?
-24
2 (base 15) to base 13
2
What is -111 (base 11) in base 15?
-8d
What is 11 (base 4) in base 2?
101
0 (base 12) to base 6
0
What is -1054 (base 6) in base 13?
-163
1 (base 14) to base 3
1
-27 (base 8) to base 6
-35
Convert 7 (base 16) to base 14.
7
Convert -ab (base 13) to base 4.
-2031
What is 40 (base 5) in base 8?
24
What is 4 (base 7) in base 12?
4
-26 (base 7) to base 10
-20
Convert 5 (base 6) to base 8.
5
Convert -12220 (base 3) to base 13.
-c3
-2 (base 16) to base 10
-2
Convert -33 (base 13) to base 5.
-132
What is -2 (base 11) in base 12?
-2
e6 (base 16) to base 13
149
21 (base 11) to base 10
23
What is 5 (base 13) in base 16?
5
Convert -210 (base 3) to base 14.
-17
What is -7 (base 11) in base 13?
-7
-9 (base 13) to base 12
-9
What is -1002 (base 4) in base 12?
-56
What is 0 (base 7) in base 12?
0
27 (base 10) to base 15
1c
What is 114 (base 6) in base 4?
232
Convert 28 (base 11) to base 5.
110
Convert -41 (base 16) to base 11.
-5a
What is 6 (base 15) in base 16?
6
11 (base 6) to base 9
7
What is 102 (base 5) in base 14?
1d
-1212 (base 4) to base 16
-66
Convert -1 (base 16) to base 9.
-1
-213 (base 4) to base 13
-30
Convert 0 (base 12) to base 6.
0
What is 202 (base 3) in base 5?
40
Convert 36 (base 11) to base 8.
47
What is -14 (base 8) in base 14?
-c
1111 (base 2) to base 15
10
-13 (base 5) to base 3
-22
0 (base 13) to base 9
0
-16 (base 10) to base 3
-121
What is 30 (base 5) in base 2?
1111
Convert -1b (base 16) to base 11.
-25
What is 11 (base 16) in base 10?
17
14 (base 16) to base 6
32
32 (base 12) to base 4
212
What is 11 (base 8) in base 7?
12
What is 1 (base 12) in base 16?
1
Convert 1 (base 11) to base 6.
1
Convert -3 (base 14) to base 16.
-3
Convert -17 (base 14) to base 11.
-1a
1a (base 15) to base 2
11001
82 (base 10) to base 5
312
1 (base 8) to base 13
1
-12 (base 3) to base 16
-5
-19 (base 11) to base 8
-24
What is 22 (base 6) in base 9?
15
What is -16 (base 13) in base 5?
-34
Convert -d (base 14) to base 15.
-d
4 (base 10) to base 5
4
What is 11 (base 9) in base 11?
a
Convert 101 (base 4) to base 15.
12
What is -51 (base 11) in base 16?
-38
5 (base 9) to base 11
5
40 (base 15) to base 10
60
20 (base 11) to base 8
26
What is -12 (base 7) in base 16?
-9
-12 (base 6) to base 8
-10
Convert 10c (base 13) to base 14.
cd
5 (base 14) to base 4
11
221 (base 3) to base 16
19
What is -235 (base 13) in base 6?
-1434
What is -1 (base 4) in base 9?
-1
-2 (base 5) to base 6
-2
What is -61 (base 14) in base 13?
-67
Convert -1b8 (base 13) to base 15.
-165
-16 (base 11) to base 9
-18
What is 1 (base 4) in base 3?
1
What is 10 (base 7) in base 3?
21
-1ba (base 12) to base 14
-166
What is 13 (base 16) in base 8?
23
What is 0 (base 6) in base 14?
0
What is 25 (base 6) in base 14?
13
Convert -11 (base 6) to base 2.
-111
Convert -13 (base 12) to base 4.
-33
Convert -403 (base 5) to base 3.
-10211
What is -2 (base 15) in base 14?
-2
Convert 2 (base 3) to base 8.
2
Convert 104 (base 6) to base 15.
2a
What is 3 (base 13) in base 10?
3
Convert 7 (base 15) to base 2.
111
What is -100 (base 2) in base 9?
-4
Convert -1 (base 16) to base 7.
-1
What is -50 (base 9) in base 5?
-140
What is -7 (base 8) in base 2?
-111
What is -10 (base 6) in base 12?
-6
Convert -1 (base 12) to base 11.
-1
Convert 15 (base 11) to base 15.
11
What is 11 (base 3) in base 14?
4
Convert -15 (base 11) to base 4.
-100
-a (base 16) to base 11
-a
-155 (base 9) to base 14
-95
What is -102 (base 3) in base 15?
-b
Convert 0 (base 5) to base 15.
0
-28 (base 9) to base 4
-122
130 (base 9) to base 14
7a
25 (base 10) to base 2
11001
Convert -1323 (base 4) to base 5.
-443
-3 (base 11) to base 12
-3
-10 (base 8) to base 2
-1000
Convert -23 (base 16) to base 15.
-25
Convert 32 (base 8) to base 10.
26
What is 100110 (base 2) in base 3?
1102
115 (base 7) to base 6
141
-3 (base 11) to base 2
-11
-1a (base 15) to base 3
-221
What is 2 (base 6) in base 5?
2
31 (base 7) to base 14
18
Convert 8 (base 9) to base 2.
1000
Convert 1 (base 9) to base 15.
1
What is -100000 (base 2) in base 15?
-22
What is -10 (base 12) in base 8?
-14
11 (base 2) to base 3
10
-1022 (base 5) to base 14
-9b
81 (base 11) to base 3
10022
What is -13 (base 16) in base 8?
-23
Convert -3 (base 12) to base 10.
-3
Convert -65 (base 11) to base 3.
-2122
-41 (base 5) to base 14
-17
11110 (base 2) to base 10
30
What is 2221 (base 3) in base 13?
61
-1 (base 8) to base 5
-1
Convert -112 (base 6) to base 15.
-2e
Convert 73 (base 12) to base 11.
7a
Convert 46 (base 11) to base 7.
101
Convert -1 (base 12) to base 8.
-1
1 (base 9) to base 13
1
Convert 53 (base 9) to base 5.
143
-11 (base 5) to base 12
-6
-221 (base 3) to base 16
-19
5 (base 15) to base 13
5
Convert -7 (base 9) to base 5.
-12
What is -20 (base 3) in base 6?
-10
4 (base 14) to base 2
100
Convert 2 (base 14) to base 5.
2
-10 (base 8) to base 5
-13
Convert 16 (base 12) to base 14.
14
5 (base 13) to base 9
5
Convert 39 (base 16) to base 15.
3c
2 (base 6) to base 7
2
Convert -17 (base 11) to base 8.
-22
Convert -15 (base 8) to base 11.
-12
Convert -110 (base 2) to base 16.
-6
107 (base 8) to base 4
1013
What is 18 (base 11) in base 13?
16
Convert 0 (base 7) to base 2.
0
3 (base 15) to base 7
3
What is -3 (base 16) in base 15?
-3
-101000 (base 2) to base 9
-44
Convert 13 (base 7) to base 6.
14
Convert -442 (base 5) to base 15.
-82
411 (base 5) to base 11
97
What is -2 (base 13) in base 10?
-2
Convert -3 (base 14) to base 5.
-3
What is 0 (base 3) in base 15?
0
4 (base 6) to base 16
4
Convert -47 (base 9) to base 16.
-2b
What is -6 (base 13) in base 2?
-110
What is 75 (base 13) in base 4?
1200
Convert 211 (base 3) to base 4.
112
-2 (base 13) to base 8
-2
What is 23 (base 5) in base 6?
21
-16 (base 9) to base 2
-1111
Convert -18 (base 14) to base 12.
-1a
Convert 2 (base 14) to bas